ainder when 631 is divided by 153?
19
Calculate the remainder when 3098 is divided by 124.
122
Calculate the remainder when 58 is divided by 20.
18
What is the remainder when 587 is divided by 98?
97
Calculate the remainder when 60 is divided by 10.
0
Calculate the remainder when 618 is divided by 188.
54
What is the remainder when 496 is divided by 22?
12
Calculate the remainder when 289 is divided by 92.
13
Calculate the remainder when 73 is divided by 67.
6
What is the remainder when 249 is divided by 84?
81
What is the remainder when 251 is divided by 241?
10
What is the remainder when 1690 is divided by 45?
25
Calculate the remainder when 3532 is divided by 221.
217
Calculate the remainder when 150 is divided by 40.
30
What is the remainder when 17454 is divided by 14?
10
Calculate the remainder when 669 is divided by 96.
93
Calculate the remainder when 8955 is divided by 31.
27
Calculate the remainder when 313 is divided by 151.
11
Calculate the remainder when 914 is divided by 51.
47
Calculate the remainder when 10085 is divided by 6.
5
Calculate the remainder when 439 is divided by 40.
39
Calculate the remainder when 93 is divided by 19.
17
What is the remainder when 90 is divided by 21?
6
What is the remainder when 247 is divided by 25?
22
Calculate the remainder when 819 is divided by 26.
13
What is the remainder when 1151 is divided by 48?
47
What is the remainder when 686 is divided by 176?
158
Calculate the remainder when 1804 is divided by 258.
256
Calculate the remainder when 4322 is divided by 181.
159
What is the remainder when 88 is divided by 23?
19
Calculate the remainder when 1298 is divided by 13.
11
What is the remainder when 103 is divided by 24?
7
What is the remainder when 251 is divided by 11?
9
Calculate the remainder when 758 is divided by 241.
35
Calculate the remainder when 1823 is divided by 51.
38
Calculate the remainder when 87 is divided by 27.
6
Calculate the remainder when 429 is divided by 136.
21
Calculate the remainder when 1578 is divided by 391.
14
What is the remainder when 48 is divided by 10?
8
What is the remainder when 522 is divided by 56?
18
Calculate the remainder when 34 is divided by 23.
11
Calculate the remainder when 1490 is divided by 93.
2
Calculate the remainder when 2768 is divided by 1377.
14
What is the remainder when 742 is divided by 24?
22
Calculate the remainder when 439 is divided by 104.
23
Calculate the remainder when 20676 is divided by 98.
96
Calculate the remainder when 158 is divided by 66.
26
What is the remainder when 399 is divided by 37?
29
Calculate the remainder when 4978 is divided by 151.
146
Calculate the remainder when 565 is divided by 62.
7
Calculate the remainder when 130 is divided by 27.
22
What is the remainder when 96138 is divided by 73?
70
What is the remainder when 313 is divided by 32?
25
Calculate the remainder when 1692 is divided by 154.
152
Calculate the remainder when 136 is divided by 22.
4
What is the remainder when 710 is divided by 388?
322
Calculate the remainder when 334 is divided by 21.
19
Calculate the remainder when 118 is divided by 24.
22
What is the remainder when 448 is divided by 50?
48
What is the remainder when 3276 is divided by 29?
28
Calculate the remainder when 2024 is divided by 225.
224
What is the remainder when 77 is divided by 31?
15
What is the remainder when 651 is divided by 162?
3
Calculate the remainder when 277 is divided by 208.
69
What is the remainder when 81 is divided by 25?
6
Calculate the remainder when 367 is divided by 5.
2
What is the remainder when 1187 is divided by 66?
65
What is the remainder when 309 is divided by 33?
12
What is the remainder when 673 is divided by 220?
13
Calculate the remainder when 794 is divided by 37.
17
What is the remainder when 13814 is divided by 3453?
2
What is the remainder when 2325 is divided by 111?
105
What is the remainder when 3095 is divided by 66?
59
Calculate the remainder when 151 is divided by 57.
37
What is the remainder when 3536 is divided by 22?
16
What is the remainder when 833 is divided by 164?
13
Calculate the remainder when 90 is divided by 25.
15
What is the remainder when 1439 is divided by 20?
19
What is the remainder when 1484 is divided by 55?
54
Calculate the remainder when 1201 is divided by 67.
62
Calculate the remainder when 16158 is divided by 40.
38
What is the remainder when 2295 is divided by 56?
55
Calculate the remainder when 18970 is divided by 9.
7
What is the remainder when 221 is divided by 45?
41
Calculate the remainder when 327 is divided by 15.
12
Calculate the remainder when 689 is divided by 173.
170
What is the remainder when 267 is divided by 45?
42
What is the remainder when 1273 is divided by 71?
66
Calculate the remainder when 437 is divided by 73.
72
Calculate the remainder when 410 is divided by 198.
14
What is the remainder when 1156 is divided by 78?
64
What is the remainder when 62 is divided by 20?
2
What is the remainder when 62 is divided by 17?
11
What is the remainder when 212 is divided by 66?
14
Calculate the remainder when 78 is divided by 75.
3
What is the remainder when 2089 is divided by 41?
39
What is the remainder when 15 is divided by 12?
3
What is the remainder when 27 is divided by 26?
1
Calculate the remainder when 358 is divided by 140.
78
What is the remainder when 437 is divided by 217?
3
What is the remainder when 1162 is divided by 3?
1
What is the remainder when 483 is divided by 27?
24
What is the remainder when 125 is divided by 123?
2
What is the remainder when 2713 is divided by 23?
22
Calculate the remainder when 452 is divided by 24.
20
Calculate the remainder when 425 is divided by 27.
20
What is the remainder when 7220 is divided by 87?
86
What is the remainder when 1630 is divided by 72?
46
What is the remainder when 578 is divided by 116?
114
Calculate the remainder when 58 is divided by 40.
18
What is the remainder when 2236 is divided by 56?
52
Calculate the remainder when 296 is divided by 27.
26
What is the remainder when 1092 is divided by 129?
60
What is the remainder when 2414 is divided by 186?
182
What is the remainder when 986 is divided by 110?
106
What is the remainder when 187 is divided by 47?
46
Calculate the remainder when 77 is divided by 38.
1
What is the remainder when 1678 is divided by 77?
61
What is the remainder when 394 is divided by 100?
94
Calculate the remainder when 479 is divided by 41.
28
Calculate the remainder when 1301 is divided by 42.
41
What is the remainder when 85 is divided by 28?
1
What is the remainder when 44 is divided by 7?
2
Calculate the remainder when 190 is divided by 15.
10
Calculate the remainder when 1020 is divided by 7.
5
Calculate the remainder when 702 is divided by 15.
12
Calculate the remainder when 67689 is divided by 41.
39
Calculate the remainder when 468 is divided by 34.
26
Calculate the remainder when 410 is divided by 46.
42
What is the remainder when 1911 is divided by 66?
63
Calculate the remainder when 3206 is divided by 1602.
2
What is the remainder when 430 is divided by 12?
10
What is the remainder when 2714 is divided by 245?
19
Calculate the remainder when 358 is divided by 12.
10
What is the remainder when 1174 is divided by 50?
24
What is the remainder when 737 is divided by 362?
13
Calculate the remainder when 975 is divided by 61.
60
Calculate the remainder when 3778 is divided by 90.
88
Calculate the remainder when 1025 is divided by 9.
8
Calculate the remainder when 54 is divided by 24.
6
What is the remainder when 72 is divided by 48?
24
What is the remainder when 926 is divided by 93?
89
Calculate the remainder when 167 is divided by 40.
7
What is the remainder when 470 is divided by 169?
132
Calculate the remainder when 246 is divided by 33.
15
Calculate the remainder when 322 is divided by 93.
43
Calculate the remainder when 213 is divided by 47.
25
What is the remainder when 757 is divided by 76?
73
What is the remainder when 167 is divided by 25?
17
Calculate the remainder when 889 is divided by 280.
49
Calculate the remainder when 2549 is divided by 116.
113
Calculate the remainder when 107 is divided by 60.
47
What is the remainder when 65 is divided by 32?
1
Calculate the remainder when 1699 is divi